{"id":8,"date":"2024-05-14T10:12:04","date_gmt":"2024-05-14T10:12:04","guid":{"rendered":"https:\/\/acquademia.com\/?page_id=8"},"modified":"2024-11-07T03:30:52","modified_gmt":"2024-11-07T03:30:52","slug":"homepage","status":"publish","type":"page","link":"https:\/\/www.acquademia.com\/","title":{"rendered":""},"content":{"rendered":"\n<div class=\"wp-block-group has-global-padding is-layout-constrained wp-block-group-is-layout-constrained\">\n<p class=\"has-text-align-center\" style=\"font-size:clamp(24.034px, 1.502rem + ((1vw - 3.2px) * 1.663), 40px);\">Se vuoi insegnare a nuotare non curarti di come deve entrare la mano nell\u2019acqua ma trasmetti l&#8217;amore per lei il resto verr\u00e0 da s\u00e9<\/p>\n<\/div>\n\n\n\n<div class=\"wp-block-columns is-layout-flex wp-container-core-columns-is-layout-28f84493 wp-block-columns-is-layout-flex\">\n<div class=\"wp-block-column is-layout-flow wp-block-column-is-layout-flow\" style=\"flex-basis:66.66%\">\n<p>Nelle nostre lezioni, vogliamo creare per i bambini situazioni di gioco e divertimento, per accompagnarli gradualmente nel mondo acquatico.<\/p>\n\n\n\n<p>Sperimentando e sbagliando in sicurezza, potranno imparare a conoscere le reazioni del loro corpo immerso in un liquido, arrivando a nuotare in modo naturale.<\/p>\n\n\n\n<p>I bambini dovranno essere accompagnati in questo percorso da un genitore; con la loro presenza trasmetteranno la sicurezza necessaria ad affrontare e a superare le paure che l\u2019acqua pu\u00f2 trasmettere e rafforzeranno con emozioni positive l\u2019esperienza.<\/p>\n<\/div>\n\n\n\n<div class=\"wp-block-column is-layout-flow wp-block-column-is-layout-flow\" style=\"flex-basis:33.33%\">\n<figure class=\"wp-block-image size-large\"><img loading=\"lazy\" decoding=\"async\" width=\"1024\" height=\"683\" src=\"https:\/\/acquademia.com\/wp-content\/uploads\/2024\/05\/IMG_8595-01-1-1024x683.jpeg\" alt=\"\" class=\"wp-image-106\" srcset=\"https:\/\/www.acquademia.com\/wp-content\/uploads\/2024\/05\/IMG_8595-01-1-1024x683.jpeg 1024w, https:\/\/www.acquademia.com\/wp-content\/uploads\/2024\/05\/IMG_8595-01-1-300x200.jpeg 300w, https:\/\/www.acquademia.com\/wp-content\/uploads\/2024\/05\/IMG_8595-01-1-2000x1334.jpeg 2000w\" sizes=\"auto, (max-width: 1024px) 100vw, 1024px\" \/><\/figure>\n<\/div>\n<\/div>\n\n\n\n<div class=\"wp-block-group alignfull pattern_multiple_covers has-background has-global-padding is-layout-constrained wp-block-group-is-layout-constrained\" id=\"services\" style=\"background-color:#f8f8f8\">\n<div style=\"height:20px\" aria-hidden=\"true\" class=\"wp-block-spacer\"><\/div>\n\n\n\n<div class=\"wp-block-columns is-layout-flex wp-container-core-columns-is-layout-28f84493 wp-block-columns-is-layout-flex\">\n<div class=\"wp-block-column has-lightgrey-background-color has-background is-layout-flow wp-block-column-is-layout-flow\" style=\"padding-top:var(--wp--preset--spacing--x-small);padding-right:var(--wp--preset--spacing--x-small);padding-bottom:var(--wp--preset--spacing--x-small);padding-left:var(--wp--preset--spacing--x-small)\">\n<h2 class=\"wp-block-heading has-text-align-center\">I locali<\/h2>\n\n\n\n<p>I locali del centro sono studiati per rendere il servizio confortevole<br>ai bambini e ai loro accompagnatori.<\/p>\n\n\n\n<p>\u2013 Spogliatoi pensati alle esigenze della famiglia. \u2013<br>\u2013 Sdraiette e box a disposizione per potersi cambiare in tranquillit\u00e0 \u2013<br>\u2013 Vaschette per fare il bagnetto ai pi\u00f9 piccoli in tutta sicurezza \u2013<br>\u2013 Ampi spazi in cui aspettare l\u2019inizio della propria lezione e in cui rilassarsi dopo le fatiche in acqua magari mangiando qualcosa per recuperare le forze. \u2013<br>\u2013 Spazio dedicato ai visitatori con vetrate da cui poter osservare i<br>progressi dei piccoli nuotatori. \u2013<br>\u2013 Vasca a profondit\u00e0 variabile per adattarsi ai progressi dei piccoli esploratori. \u2013<br>\u2013 All\u2019interno dello spazio vasca sono presenti pannelli fonoassorbenti per mantenere l\u2019ambiente acusticamente sereno \u2013<\/p>\n\n\n\n<p>Parte fondamentale del servizio \u00e8 la pulizia degli ambienti e dell\u2019acqua.<br>Il livello di cloro \u00e8 gestito tramite centralina elettronica che mantiene il livello costante evitando i picchi di concentrazione.<br>Viene utilizzata anche la disinfezione tramite raggi ultravioletti per garantire una maggiore igiene con minore necessit\u00e0 di cloro ed minor spreco di acqua.<br>I costanti controlli automatici e manuali ci permettono di garantire un\u2019ottima qualit\u00e0 dell\u2019acqua per la sicurezza dei piccoli nuotatori.<\/p>\n<\/div>\n\n\n\n<div class=\"wp-block-column is-layout-flow wp-block-column-is-layout-flow\" style=\"flex-basis:25px\"><\/div>\n\n\n\n<div class=\"wp-block-column has-lightgrey-background-color has-background is-layout-flow wp-container-core-column-is-layout-0526edc8 wp-block-column-is-layout-flow\" style=\"padding-top:var(--wp--preset--spacing--x-small);padding-right:var(--wp--preset--spacing--x-small);padding-bottom:var(--wp--preset--spacing--x-small);padding-left:var(--wp--preset--spacing--x-small)\">\n<h2 class=\"wp-block-heading has-text-align-center\">Gli insegnanti<\/h2>\n\n\n\n<p>Durante le lezioni i genitori saranno affiancati nel loro lavoro da un insegnante in acqua.<\/p>\n\n\n\n<p>Il loro compito principale \u00e8 quello di trasmettere ai genitori le competenze che serviranno per seguire il proprio piccolo. Dovranno animare le lezioni affinch\u00e9 siano sempre stimolanti e alla portata di ogni bambino e aiutare i genitori nel non facile compito di educatori.<\/p>\n\n\n\n<p>Per questo richiediamo ai nostri insegnanti esperienze specifiche anche nel settore pedagogico\/educativo e di animazione.<\/p>\n\n\n\n<p>I bambini pi\u00f9 piccoli sono quelli che richiedono maggiori attenzioni: in pochi anni si concentrano i maggiori cambiamenti della loro vita; ad ogni passo il bambino sar\u00e0 interessato ad aspetti diversi dello stare in acqua che solo un insegnante preparato pu\u00f2 cogliere e sfruttare.<\/p>\n<\/div>\n<\/div>\n<\/div>\n\n\n\n<iframe src=\"https:\/\/www.google.com\/maps\/embed?pb=!4v1718374611815!6m8!1m7!1sCAoSLEFGMVFpcE9pVUF0eTdrUDJ6d2h4d19KQ2tSZEhMV2tiTG5mcE1BRlRvd0NS!2m2!1d45.06216297907152!2d7.631508578070907!3f159.56801!4f-7.925445999999994!5f0.7820868581430032\" width=\"1200\" height=\"650\" style=\"border:0;\" allowfullscreen=\"\" loading=\"lazy\" referrerpolicy=\"no-referrer-when-downgrade\"><\/iframe>\n\n\n\n<div class=\"wp-block-group alignfull pattern_multiple_covers has-background has-global-padding is-layout-constrained wp-block-group-is-layout-constrained\" id=\"services\" style=\"background-color:#f6f6cc\">\n<div style=\"height:20px\" aria-hidden=\"true\" class=\"wp-block-spacer\"><\/div>\n\n\n\n<div class=\"wp-block-columns is-layout-flex wp-container-core-columns-is-layout-28f84493 wp-block-columns-is-layout-flex\">\n<div class=\"wp-block-column is-layout-flow wp-block-column-is-layout-flow\" style=\"flex-basis:66.66%\">\n<h2 class=\"wp-block-heading\">LAVORA CON NOI<\/h2>\n\n\n\n<p>Questo non \u00e8 un lavoro qualunque, ci vogliono professionalit\u00e0, conoscenza della materia ma anche tanta passione e calore.<br>I genitori ci affidano i loro cuccioli per fargli affrontare l\u2019acqua nella maniera pi\u00f9 dolce e divertente possibile.<br>Se pensi di avere queste qualit\u00e0, ACQUADEMIA \u00e8 il posto che fa per te.<\/p>\n\n\n\n<h2 class=\"wp-block-heading\">VIENI A TROVARCI<\/h2>\n\n\n\n<p>Pi\u00f9 di qualunque foto e di qualunque spiegazione vale il contatto umano.<\/p>\n\n\n\n<p>Per capire con quale cura e attenzione accompagneremo il tuo piccolo alle prime esperienze con l\u2019acqua vieni a trovare, senza impegno e senza appuntamento; potrai vedere e sentire l\u2019atmosfera che ci impegniamo a creare e la professionalit\u00e0 che mettiamo in questo lavoro che per noi \u00e8 passione e gratificazione.<\/p>\n\n\n\n<p>Se vuoi passare a trovarci la segreteria \u00e8 aperta:<br>lun-mer-ven \u2013 10:00\/12:30<\/p>\n\n\n\n<p>da lun a ven 15:30\/19:00<\/p>\n\n\n\n<p>sab&nbsp; 9:00\/12:30<\/p>\n<\/div>\n\n\n\n<div class=\"wp-block-column is-layout-flow wp-block-column-is-layout-flow\" style=\"flex-basis:33.33%\">\n<figure class=\"wp-block-image size-large is-resized\"><img loading=\"lazy\" decoding=\"async\" width=\"1024\" height=\"913\" src=\"https:\/\/acquademia.com\/wp-content\/uploads\/2024\/07\/istruttori-1024x913.png\" alt=\"\" class=\"wp-image-189\" style=\"width:375px;height:auto\" srcset=\"https:\/\/www.acquademia.com\/wp-content\/uploads\/2024\/07\/istruttori-1024x913.png 1024w, https:\/\/www.acquademia.com\/wp-content\/uploads\/2024\/07\/istruttori-300x268.png 300w, https:\/\/www.acquademia.com\/wp-content\/uploads\/2024\/07\/istruttori.png 1121w\" sizes=\"auto, (max-width: 1024px) 100vw, 1024px\" \/><\/figure>\n\n\n<\/div>\n<\/div>\n\n\n\n<div style=\"height:46px\" aria-hidden=\"true\" class=\"wp-block-spacer\"><\/div>\n<\/div>\n\n\n\n<div style=\"height:20px\" aria-hidden=\"true\" class=\"wp-block-spacer\"><\/div>\n\n\n\n<div class=\"wp-block-cover alignfull has-parallax is-position-center-center\" style=\"border-radius:0px\"><span aria-hidden=\"true\" class=\"wp-block-cover__background has-black-background-color has-background-dim-40 has-background-dim\"><\/span><div class=\"wp-block-cover__image-background wp-image-134 has-parallax\" style=\"background-position:50% 50%;background-image:url(https:\/\/acquademia.com\/wp-content\/uploads\/2024\/05\/IMG_8610-01-01-scaled.jpeg)\"><\/div><div class=\"wp-block-cover__inner-container is-layout-flow wp-block-cover-is-layout-flow\">\n<div class=\"wp-block-group has-global-padding is-layout-constrained wp-block-group-is-layout-constrained\">\n<h3 class=\"wp-block-heading has-text-align-center has-text-color has-max-48-font-size\" style=\"color:#fffffa;text-transform:uppercase\">Ti aspettiamo!<\/h3>\n\n\n\n<p class=\"has-text-align-center has-white-color has-text-color has-large-font-size\">Se non puoi venirci a trovare e vuoi informazioni<\/p>\n\n\n\n<p class=\"has-text-align-center has-white-color has-text-color has-large-font-size\">prima di passare contattaci telefonicamente<\/p>\n\n\n\n<p class=\"has-text-align-center has-white-color has-text-color has-large-font-size\">o spedici una email dalla pagina contatti<\/p>\n\n\n\n<div style=\"height:31px\" aria-hidden=\"true\" class=\"wp-block-spacer\"><\/div>\n\n\n\n<div class=\"wp-block-buttons is-horizontal is-content-justification-center is-layout-flex wp-container-core-buttons-is-layout-03627597 wp-block-buttons-is-layout-flex\">\n<div class=\"wp-block-button is-style-outline is-style-outline--1\"><a class=\"wp-block-button__link has-white-color has-text-color wp-element-button\" href=\"https:\/\/acquademia.com\/index.php\/contatti\/\" style=\"border-radius:0px\">Contatti<\/a><\/div>\n<\/div>\n<\/div>\n<\/div><\/div>\n","protected":false},"excerpt":{"rendered":"<p>Se vuoi insegnare a nuotare non curarti di come deve entrare la mano nell\u2019acqua ma trasmetti l&#8217;amore per lei il resto verr\u00e0 da s\u00e9 Nelle nostre lezioni, vogliamo creare per i bambini situazioni di gioco e divertimento, per accompagnarli gradualmente nel mondo acquatico. Sperimentando e sbagliando in sicurezza, potranno imparare a conoscere le reazioni del &hellip; <\/p>\n<p class=\"link-more\"><a href=\"https:\/\/www.acquademia.com\/\" class=\"more-link\">Leggi tutto<span class=\"screen-reader-text\"> &#8220;&#8221;<\/span><\/a><\/p>\n","protected":false},"author":1,"featured_media":0,"parent":0,"menu_order":0,"comment_status":"closed","ping_status":"closed","template":"homepage-free","meta":{"ngg_post_thumbnail":0,"footnotes":""},"class_list":["post-8","page","type-page","status-publish","hentry"],"_links":{"self":[{"href":"https:\/\/www.acquademia.com\/index.php\/wp-json\/wp\/v2\/pages\/8","targetHints":{"allow":["GET"]}}],"collection":[{"href":"https:\/\/www.acquademia.com\/index.php\/wp-json\/wp\/v2\/pages"}],"about":[{"href":"https:\/\/www.acquademia.com\/index.php\/wp-json\/wp\/v2\/types\/page"}],"author":[{"embeddable":true,"href":"https:\/\/www.acquademia.com\/index.php\/wp-json\/wp\/v2\/users\/1"}],"replies":[{"embeddable":true,"href":"https:\/\/www.acquademia.com\/index.php\/wp-json\/wp\/v2\/comments?post=8"}],"version-history":[{"count":37,"href":"https:\/\/www.acquademia.com\/index.php\/wp-json\/wp\/v2\/pages\/8\/revisions"}],"predecessor-version":[{"id":362,"href":"https:\/\/www.acquademia.com\/index.php\/wp-json\/wp\/v2\/pages\/8\/revisions\/362"}],"wp:attachment":[{"href":"https:\/\/www.acquademia.com\/index.php\/wp-json\/wp\/v2\/media?parent=8"}],"curies":[{"name":"wp","href":"https:\/\/api.w.org\/{rel}","templated":true}]}}